te the remainder when b is divided by 13.
12
Let w = 12 - -5. Calculate the remainder when 49 is divided by w.
15
Suppose 10*t + 100 = 15*t. What is the remainder when 57 is divided by t?
17
Let n be -1 - 6/4*-6. Suppose g + n - 18 = 0. Calculate the remainder when 19 is divided by g.
9
Let n = 84 + -37. What is the remainder when (2 - n/3)*-3 is divided by 2*((-47)/(-7) - (-4)/14)?
13
Let w = -6 + 11. Suppose -t + w*z = -71, 5*t - 2*z - 286 = -0*z. Calculate the remainder when t is divided by 19.
18
Suppose -r + 3*v = -26, -8 = -3*r + 2*r - 3*v. Calculate the remainder when r is divided by 6.
5
Let q(u) = 14*u - 2. Let b be q(-6). Let o = b - -131. Calculate the remainder when o is divided by 24.
21
Let n(h) = h**2 - 8*h + 4. Let j be n(7). Let f = 15 + j. Calculate the remainder when 33 is divided by f.
9
Let b be 5 + 0 + (-2 - -4). Let l(s) = -s**2 + 9*s - 5. Calculate the remainder when 17 is divided by l(b).
8
Let o(p) = p**3 + p + 14. Calculate the remainder when 24 is divided by o(0).
10
Suppose -i - p = 3*p, 3*p - 26 = -4*i. Calculate the remainder when 14 is divided by i.
6
Let w = -6 - -6. Suppose r + 5*z - 27 = w, -2*z + 3 = -5*r + 30. Suppose q = 2*q - r. What is the remainder when q is divided by 3?
1
Let r(k) = -k**3 - 6*k**2 - 2*k - 9. Let p be r(-6). Suppose -26 = -2*u - 2*n, -p*u - 17 = -4*n - 91. Calculate the remainder when u is divided by 10.
8
What is the remainder when 165/((-12)/(-4)) - 5 is divided by 27?
23
Let c(n) = -n**3 + 2*n**2 + n + 8. What is the remainder when 31 is divided by c(0)?
7
Let q(d) = d**2 + 3*d - 4. Let w be (8/10)/((-2)/(-5)). Suppose 5*c = 4*a + 14 + 6, -6 = -w*c + 2*a. Calculate the remainder when q(3) is divided by c.
6
Let n = 14 - 5. What is the remainder when 33 is divided by n?
6
Let d = -37 - -45. Calculate the remainder when 45 is divided by d.
5
Let p = -57 - -100. Let f(w) = 6*w**2 - 5*w + 3 + w**3 + 5 - 3*w. What is the remainder when p is divided by f(-7)?
13
What is the remainder when 52 is divided by 89/5 + 8/40?
16
Suppose 0 = -z + s + 35, 0 = -2*z + 3*s + 34 + 34. Let r = 2 + 8. Calculate the remainder when z is divided by r.
7
Let f = -4 + 34. Let n = -1 + 2. Let q(b) = 17*b**3 - 2*b + 1. Calculate the remainder when f is divided by q(n).
14
Let a(d) = -d**3 - 3*d**2 + 6*d + 6. Calculate the remainder when a(-5) is divided by (18/8)/((-2)/(-8)).
8
Let n = -70 + 158. Calculate the remainder when n is divided by 30.
28
Suppose 3*m - 8 - 16 = 0. Let z(w) = -w - 1. Let x be z(0). Let g(f) = -22*f + 1. Calculate the remainder when g(x) is divided by m.
7
Let n(h) = 2*h - 9. Suppose 3*f - f + 38 = 0. Let g = 31 + f. Calculate the remainder when g is divided by n(8).
5
Suppose 4*r - r + 27 = 3*u, -55 = -5*u - 5*r. Calculate the remainder when 18 is divided by u.
8
Suppose 0 = -24*y + 20*y + 440. What is the remainder when y is divided by (-3 + 2)*56/(-2)?
26
Let j = 1 - -1. Let f be (-5)/(-2 - (1 - j)). Suppose -f = -6*l + l, 3*a + l = 37. What is the remainder when 22 is divided by a?
10
Suppose -j - 9 + 46 = 0. Suppose -162 - 9 = -9*h. What is the remainder when j is divided by h?
18
Let k = -27 - -28. Calculate the remainder when 2 is divided by k.
0
Suppose -k - 6*o + 3*o = 0, 0 = k + 5*o. Suppose -3*z + 5*y = 10, -3*z + 2 = -y - 8. Let m = z + k. Calculate the remainder when 9 is divided by m.
4
Suppose -9*i = a - 4*i - 48, -5*i + 2 = -a. Calculate the remainder when a is divided by (-11)/(-33) - 38/(-3).
10
Calculate the remainder when 11 is divided by (-6)/(-4) + 15/6.
3
Let u(p) = 22*p**2 + 8*p - 5. What is the remainder when u(2) is divided by 50?
49
Let q = -14 + 25. What is the remainder when 32 is divided by q?
10
Let y(z) = 3*z - 1. Let c be y(1). Let a be 72/20 + c/5. Suppose -a*j + 95 = 2*l - 5, -3*l = 0. What is the remainder when j is divided by 13?
12
Suppose -52 = 3*o - 136. Calculate the remainder when 110 is divided by o.
26
Suppose -2*w + 65 = 3*w + 2*u, -16 = -w - u. What is the remainder when 98 is divided by w?
10
Let s(i) = -i + 7. What is the remainder when 24 is divided by s(-6)?
11
Let l be (0 - (-1)/1) + -12. Let z = 17 + l. Let a = 27 + -16. What is the remainder when a is divided by z?
5
Let q be (-1 - 4)*(-4)/10. Let p be 1 + (0 - 2) + 49. Suppose 0 = q*x + 5*c - 10, -2*c + p = 5*x - c. What is the remainder when 18 is divided by x?
8
What is the remainder when 14 + -2 + 4/2 is divided by 5?
4
Let n(j) = j + 5. What is the remainder when 19 is divided by n(6)?
8
Let u = -529 - -551. Let p(r) = 4*r**2 - 2*r. What is the remainder when u is divided by p(2)?
10
Let u be 2/6 - (-4)/6. Let l(m) = 15*m**3 + 2*m**2 - m. What is the remainder when 28 is divided by l(u)?
12
Let k = 5 - 9. Let q(l) = -10*l - 1. Calculate the remainder when q(k) is divided by 10.
9
Suppose -s = -l - 3*s + 11, 0 = -2*l + 2*s + 4. Let i(r) = r + 4. Calculate the remainder when 34 is divided by i(l).
7
Let h(l) = 3*l**3. Let f be h(1). Let g = -15 + 16. Calculate the remainder when (8/3 + -2)*f is divided by g.
0
Let l(f) = 3 - 19*f - 1 + 4*f. What is the remainder when 66 is divided by l(-1)?
15
Suppose t - 6*v + 4*v - 27 = 0, -2*t - v + 29 = 0. Suppose 18 = 4*c + 3*d - 24, -3*c + 2*d + 23 = 0. Calculate the remainder when t is divided by c.
8
Let l = 46 - 27. Suppose 3*i = 4*s - 31, s = -i + 8 - 2. Calculate the remainder when (4 - l)*(-5)/3 is divided by s.
4
Let o = 17 - 12. Suppose o*t + 0*s - 56 = 3*s, 3*t = 3*s + 30. Let l = -13 + 49. Calculate the remainder when l is divided by t.
10
Let p = -43 - -73. Calculate the remainder when 59 is divided by p.
29
What is the remainder when 23 is divided by (-2)/(-10) - (-209)/55?
3
Suppose -18 = 7*l - 39. Calculate the remainder when 56 is divided by l.
2
Let j = 167 - 128. Calculate the remainder when 192 is divided by j.
36
Let r be (11/3)/(1/3). Let j = -4 + r. Calculate the remainder when 27 is divided by j.
6
Let o = -5 - -35. Suppose 4*v - v - 2*q = -6, 0 = v + q - 3. Suppose 4*b - 79 = -3*u, 2*b + 5*u - 75 + 18 = v. What is the remainder when o is divided by b?
14
Let w(z) = -2*z**3 - 15*z**2 - 8*z + 7. Calculate the remainder when 96 is divided by w(-7).
12
Let p = 2 - 2. Suppose 3*i + 0 + 15 = p, 0 = v - 4*i - 21. Let x = 3 - 1. What is the remainder when x is divided by v?
0
Suppose 8 = 3*t - 4*n, -t + 2*n = 3*n + 2. Suppose 38 = -2*s - t*s. Let l = s + 35. Calculate the remainder when 31 is divided by l.
15
Let d = 40 + -21. What is the remainder when d is divided by 5?
4
Let a(b) = -b**3 + 5*b**2 + 7*b + 4. Suppose 19 = 5*x - 1. Let j be 56/(-21)*(-9)/x. Calculate the remainder when 19 is divided by a(j).
9
Let p be (-3)/(-3) + 1*6. Suppose 2*w = -p + 33. Calculate the remainder when 4/16 - (-882)/24 is divided by w.
11
Let y = 3 + -1. Suppose 2 = -2*i, -d + 3*i + y*i = -210. Suppose -2*c + 4*h + 82 = 0, -c + d = 4*c + h. What is the remainder when c is divided by 14?
13
What is the remainder when 16 - (-5 + 7) - (1 + -3) is divided by 10?
6
Let n = 8 + 7. Calculate the remainder when n is divided by (2 - 1)*(4 - 0).
3
Suppose -4*m = -5*d + 815, -3*m + m - 5*d = 415. Let v = -76 - m. Suppose -2*j + v = j. Calculate the remainder when j is divided by 15.
13
Suppose 6*y - 128 + 26 = 0. Let v = 22 + 44. What is the remainder when v is divided by y?
15
Suppose -8*s = -7*s - 27. Calculate the remainder when s is divided by 10.
7
Suppose 0 = 3*c - 6 - 3. Suppose -c*q + 6*q - 21 = 0. Calculate the remainder when (-2 + 0)/((-2)/20) is divided by q.
6
Let y(q) = 5*q - 9. Let a be y(8). Suppose -15 = -2*g + a. What is the remainder when 43 is divided by g?
20
Calculate the remainder when 1/(-1)*(-2 - 117)*1 is divided by 40.
39
Let f(i) = -i**3 - i + 3. Let h be f(0). Suppose h*s - 89 = -5*d - 0*d, -d + 23 = -2*s. Calculate the remainder when 75 is divided by d.
18
Let a be 4/22 + 15912/88. Suppose -4*y + a + 99 = 0. What is the remainder when 2890/y + (-4)/14 is divided by 14?
13
Let z(t) = -t**3 - 8*t**2 + 8*t - 9. Let l be z(-9). Suppose 0 = s - l - 9. What is the remainder when 15 is divided by s?
6
Let u = 36 + -22. Let j = 27 - 19. What is the remainder when u is divided by j?
6
Suppose 0 = -w - w + 3*a - 2, 21 = 5*w - a. Calculate the remainder when 24 is divided by w.
4
Let d = 200 - 194. What is the remainder when 20 is d